393. Calculate v(2).
-35
Let x(h) = 2452445*h + 4904884. What is x(-2)?
-6
Let t(x) = 17*x**2 + 3421*x + 42223. Give t(-188).
-77
Let a(o) = -14*o**2 + 1237*o + 17884. Calculate a(101).
7
Let s(c) = -997*c - 7820. Give s(-6).
-1838
Let l(d) = 81*d + 23671. Calculate l(-290).
181
Let r(u) = 78325*u - 391602. Determine r(5).
23
Let j(m) = 28*m**2 + 8332*m - 11957. What is j(-299)?
3
Let y(l) = -693*l**2 + 2772*l + 37. Give y(4).
37
Let l(m) = -20*m**3 - 221*m**2 + 21*m - 46. Give l(-11).
-398
Let h(i) = i**3 + 99*i**2 + 570*i + 844. Determine h(-93).
-272
Let q(z) = 78*z**3 - 3434*z**2 + 105*z - 748. Calculate q(44).
0
Let g(v) = 6*v**2 + 379*v - 5763. What is g(16)?
1837
Let u(h) = 12*h**2 + 343*h - 2063. Give u(6).
427
Let o(y) = -235041*y + 6111066. Give o(26).
0
Let j(y) = -2*y**2 + 12979*y + 155828. Give j(-12).
-208
Let u(q) = 5*q**3 - 465*q**2 + 69. Calculate u(93).
69
Let c(r) = 2*r**2 - 322*r + 4096. What is c(147)?
-20
Let i(q) = -1948*q - 40759. Calculate i(-21).
149
Let n(a) = -2*a**3 + 15*a**2 - 127*a - 157. Give n(9).
-1543
Let i(q) = -7*q**2 - 343*q - 3038. What is i(-38)?
-112
Let z(j) = -1501*j + 15349. What is z(11)?
-1162
Let f(y) = 44*y**2 - 730*y - 2621. Give f(20).
379
Let r(n) = -6*n**2 - 630*n + 2477. Give r(-107).
1193
Let a(k) = -35*k**2 + 140*k + 267. Calculate a(-2).
-153
Let h(y) = -y**3 - 89*y**2 + 188*y - 2809. What is h(-91)?
-3355
Let z(j) = 6*j**2 - 607*j + 11150. What is z(77)?
-15
Let m(i) = 2808*i - 53353. Calculate m(19).
-1
Let f(d) = 2*d**2 + 381*d - 1643. Calculate f(0).
-1643
Let o(l) = -639*l - 331025. Determine o(-518).
-23
Let s(k) = -k**3 + 76*k**2 - 1335*k + 586. Give s(49).
-2
Let j(r) = -r**2 + 572*r - 18160. Calculate j(33).
-373
Let u(o) = -1319*o - 712285. What is u(-540)?
-25
Let w(b) = b**3 + 77*b**2 + 729*b + 408. Determine w(-66).
210
Let v(n) = -1003*n + 419. What is v(1)?
-584
Let z(x) = 189*x - 46182. What is z(244)?
-66
Let t(i) = -97*i**2 + 2425*i + 18. What is t(25)?
18
Let i(h) = 217*h - 15231. Give i(71).
176
Let m(a) = a**3 + 176*a**2 + 394*a + 101. Calculate m(-2).
9
Let j(r) = 608*r + 8514. What is j(-14)?
2
Let w(h) = 73*h**2 - 4000*h + 20736. What is w(49)?
9
Let d(w) = 17564*w + 52030. Calculate d(-3).
-662
Let k(d) = -28117*d + 421735. Calculate k(15).
-20
Let l(b) = 343539*b - 3778948. Calculate l(11).
-19
Let f(g) = -100*g**2 + 24499*g - 73495. Give f(3).
-898
Let f(v) = -9*v**3 - 198*v**2 + 328*v + 7208. Determine f(-22).
-8
Let a(i) = 15608*i + 78032. Calculate a(-5).
-8
Let d(o) = -19*o**2 - 297*o - 913. What is d(-11)?
55
Let q(p) = p**3 + 5*p**2 + 267*p - 544. Calculate q(2).
18
Let w(l) = -l**3 - 70*l**2 - 322*l - 24. Calculate w(-5).
-39
Let c(t) = t**3 - 128*t**2 + 764*t + 14. What is c(6)?
206
Let v(u) = u**3 + 235*u**2 + 462*u - 5535. Calculate v(-233).
-4603
Let r(m) = m**3 + 46*m**2 + 6895*m - 74550. Determine r(10).
0
Let q(o) = -31*o**2 - 2328*o - 184. Determine q(-75).
41
Let n(j) = 2*j**2 + 1846*j - 116039. Determine n(59).
-163
Let a(s) = -s**3 - 10*s**2 + 1202*s + 15997. Determine a(-14).
-47
Let d(n) = 12*n**3 - 243*n**2 + 54*n + 94. Determine d(20).
-26
Let q(v) = -v**2 + 5887*v - 737145. Determine q(128).
7
Let z(h) = h**3 + 41*h**2 - 31*h + 540. Determine z(-42).
78
Let n(o) = 3*o**3 + 619*o**2 - 2388*o - 16340. Determine n(-210).
40
Let m(q) = -12*q**3 - 47*q**2 - 43*q - 8. Give m(-6).
1150
Let q(i) = 6*i**3 + 215*i**2 - 61*i + 172. Determine q(-36).
1072
Let h(c) = 8*c**3 + 927*c**2 + 602*c - 23359. What is h(-115)?
-14
Let g(q) = -5*q**2 + 1993*q + 5996. What is g(-3)?
-28
Let n(m) = -3*m**3 - 255*m**2 - 10*m - 767. Calculate n(-85).
83
Let l(m) = -2*m**2 - 992*m + 71554. Calculate l(64).
-126
Let k(m) = -m**3 + 443*m**2 + 238*m + 92222. Calculate k(444).
758
Let z(q) = -q**3 - 10*q**2 + 18*q + 96. Calculate z(-11).
19
Let z(k) = -k**2 + 594*k - 5902. Determine z(10).
-62
Let g(l) = -l**3 - 325*l**2 + 2338*l + 4702. What is g(-332)?
54
Let u(s) = 977*s + 6149. Calculate u(-7).
-690
Let g(b) = 2*b**3 + 82*b**2 + 272*b + 96. What is g(-37)?
984
Let q(v) = 2*v**3 + 8*v**2 + 12245*v + 36745. Determine q(-3).
28
Let s(b) = -b**3 - 32*b**2 + 2519*b + 86353. Determine s(-37).
-5
Let s(h) = 104*h**2 - 6*h - 8. Give s(2).
396
Let a(m) = -m**3 + 12*m**2 - 26*m + 25. Give a(10).
-35
Let i(o) = -50*o**2 - 198*o - 247. Give i(-3).
-103
Let m(q) = 108*q + 16323. Determine m(-153).
-201
Let g(t) = 14*t**2 + 200*t - 39894. Give g(-61).
0
Let q(p) = -7*p**3 + 13*p**2 - 8*p + 83. What is q(6)?
-1009
Let n(f) = 2*f**3 + 58*f**2 - 154*f + 173. Calculate n(-32).
-1043
Let z(m) = -2*m**2 - 826*m - 6491. Calculate z(-8).
-11
Let n(t) = 3*t**3 + 90*t**2 - 1194*t + 21. Give n(-40).
-219
Let f(z) = -10*z**2 + 752*z + 3040. Determine f(-4).
-128
Let w(k) = -66*k**3 + 1442*k**2 + 262*k - 927. Give w(22).
-3
Let c(o) = -72*o - 2161. What is c(-8)?
-1585
Let h(d) = -22*d**3 + 213*d**2 + 14*d + 41. Give h(10).
-519
Let z(w) = 62460*w - 249845. Give z(4).
-5
Let t(m) = -260*m**2 - 282*m - 25. Determine t(-1).
-3
Let w(p) = -1957*p - 939347. Calculate w(-480).
13
Let b(y) = -36*y**2 - 146*y - 28. Calculate b(-5).
-198
Let q(n) = -18*n**2 + 102*n + 604. Determine q(10).
-176
Let y(i) = -13403*i - 26773. Calculate y(-2).
33
Let n(i) = -4*i**2 - 157*i + 9400. Calculate n(-72).
-32
Let r(p) = p**2 - 67399*p - 943778. Determine r(-14).
4
Let b(t) = 19*t - 2911. Give b(165).
224
Let a(c) = -932*c - 88577. What is a(-95)?
-37
Let g(d) = d**2 + 54894*d + 329327. What is g(-6)?
-1
Let p(m) = m**3 - 269*m**2 - 6420*m - 390. Give p(-22).
6
Let q(g) = -25*g**2 - 2576*g - 70. Determine q(-103).
33
Let r(h) = 38*h**3 + 9*h**2 - 119*h + 112. Determine r(1).
40
Let f(a) = -5588*a + 22305. Give f(4).
-47
Let w(p) = 1404*p**2 + 287*p - 298. Determine w(1).
1393
Let z(i) = i**3 - 11*i**2 - 7*i + 415. Determine z(10).
245
Let x(p) = 5*p**2 - 99501*p + 99499. Calculate x(1).
3
Let k(u) = -2*u**3 - 113*u**2 + 58*u - 2. Determine k(-57).
-59
Let n(x) = -165*x**2 + 13213*x + 11. Determine n(80).
1051
Let w(z) = 3*z**2 - 1093*z + 4623. What is w(360)?
-57
Let a(h) = -3*h**2 + 665*h + 54140. Give a(285).
-10
Let a(q) = q**3 - 12*q**2 + 172*q - 3279. What is a(15)?
-24
Let s(v) = -8215*v - 1388330. Give s(-169).
5
Let o(n) = -2*n**2 + 39*n + 67. Determine o(-2).
-19
Let o(n) = 780*n - 1651. Calculate o(4).
1469
Let q(f) = -2*f**3 + 12*f**2 + 1467854*f - 7339318. What is q(5)?
2
Let v(d) = 1460*d - 151887. Determine v(104).
-47
Let z(l) = l**3 + 184*l**2 + 8358*l + 4971. Calculate z(-79).
-6
Let t(h) = -9670*h - 435066. Calculate t(-45).
84
Let r(p) = 9*p**2 - 982*p - 20225. Give r(-20).
3015
Let o(l) = l**2 - 51148*l - 1125762. Determine o(-22).
-22
Let l(a) = -356*a + 1520. What is l(9)?
-1684
Let s(c) = 18890*c - 5213648. Calculate s(276).
-8
Let t(k) = -3*k**3 + 4*k**2 - 535*k + 1553. What is t(3)?
-97
Let l(b) = 2*b**2 + 112*b - 1978. Calculate l(-72).
326
Let w(m) = -m**2 + 1606*m - 37961. Calculate w(24).
7
Let v(x) = 4*x**3 + 68*x**2 - 6*x - 67. What is v(-17)?
35
Let x(k) = k**3 + 7*k**2 - 87*k - 656. Determine x(-11).
-183
Let j(w) = -13*w**3 - 139*w**2 - 416*w - 225. Calculate j(-4).
47
Let r(w) = 2540*w + 194. Give r(0).
194
Let m(n) = -1067*n + 34575. Determine m(32).
431
Let d(k) = -1514*k + 511740. What is d(338)?
8
Let x(u) = u**3 + 14*u**2 - 58*u + 240. Determine x(-18).
-12
Let h(p) = p**2 - 128*p + 1058. Give h(10).
-122
Let w(n) = 2838*n - 2355541. Determine w(830).
-1
Let s(i) = -4*i**2 - 18*i + 288. Calculate s(-18).
-684
Let w(k) = 4*k**2 + 7263*k + 43569. Give w(-6).
135
Let q(m) = 18*m + 1172. Determine q(-67).
-34
Let r(i) = i**3 - 23*i**2 - 45*i + 2649. Give r(18).
219
Let k(g) = -48136*g - 5680054. Determine k(-118).
-6
Let u(v) = v**3 - 28*v**2 + 125*v - 983. Calculate u(25).
267
Let d(n) = -n**3 - 11*n**2 + 2994*n + 56275. Calculate d(-20).
-5
Let s(q) = q**3 + 1012*q**2 + 22764*q + 323. Calculate s(-23).
-68
Let m(i) = -194*i**2 - 29986*i + 13014. What is m(-155)?
-6
Let h(y) = 31*y**2 - 296*y - 873. What is h(-3)?
294
Let z(x) = -x**2 + 109*x + 19697. Determine z(205).
17
Let v(r) = 1359*r + 65872. Determine v(-48).
640
Let y(d) = 2*d**3 - 512*d**2 - 555*d + 10869. Determine y(257).
332
Let c(b) = b**3 + 7*b**2 + 1471*b + 11840. Determine c(-8).
8
Let v(y) = -2*y**3 - 73*y